 - 7. Let u(q) = -3*q - 5. Let z(f) = -2*r(f) + 3*u(f). Suppose -3*d + 5*d + 4 = 0. Calculate z(d).
13
Suppose 0 = -14*y + 28*y + 112. Let o(v) = -7*v**3 - 2*v**2 + 5*v - 4. Let c(s) = 6*s**3 + 3*s**2 - 5*s + 5. Let f(t) = -6*c(t) - 5*o(t). Determine f(y).
-50
Suppose -5*l = 2*y + 48, -114*y - 60 = -110*y + 4*l. Let w(v) = v**3 + 8*v**2 - 14*v - 8. What is w(y)?
37
Let n(r) be the second derivative of r**5/10 + r**4/6 - 2*r**3 + 5*r**2/2 - 2402*r. What is n(2)?
5
Let b be (-3)/9*-3 - -7. Suppose 10*h + b*h = 3*h. Let m(o) = o + 1. Calculate m(h).
1
Let z(b) = b**2 - 7*b - 22. Suppose -3*q = r + 16, -22 - 12 = 4*r - 3*q. Let c be (-2)/(-4) - 85/r. Determine z(c).
-4
Let y(m) = -m**2 + 5*m - 5. Let g = 10 + -4. Let b(n) be the third derivative of -n**6/120 + n**5/10 + 2*n**3/3 + 2*n**2 + 218*n. Let u be b(g). Calculate y(u).
-1
Let k be 0/2 + -7*5. Suppose 21*p = 19*p - 8, -2*c - 4*p = 78. Let n = k - c. Let v(t) = -2*t + 5. Give v(n).
13
Let u(h) = 85*h - 2*h**2 + 1 - 87*h - h**2 - h**3. Determine u(-2).
1
Let n(c) = 28*c + 18. Let k(j) = 11*j + 8. Let g(h) = -9*k(h) + 4*n(h). What is g(3)?
39
Let d(v) = 0 + 6*v - 3*v**2 - 4 + 2*v**2. Let w(c) = 193*c**2 + 5984*c + 34. Let j be w(-31). Give d(j).
5
Let i(z) be the second derivative of 1/2*z**2 + 99*z - 2/3*z**3 + 0. Suppose 3*l = 0, -4*g - 3*l = -1 + 9. Give i(g).
9
Let w(i) = 2*i + 3. Let z(r) = -23 + 113 + 7*r - 24 - 10. Let s be z(-7). Calculate w(s).
17
Suppose 198 = 21*w - 43*w. Let j(h) = -7*h - 67. What is j(w)?
-4
Suppose -152 = 6*x - 2*x - 5*m, -2*x = 3*m + 54. Let a = 41 + x. Let t be ((-5)/2)/(a/(-16)). Let r(q) = 2*q - 2. Determine r(t).
8
Let p(v) be the second derivative of -5*v**4/12 - 2*v**3/3 - v**2 - 42*v. Suppose 7*o + 1 = -13. Determine p(o).
-14
Let x = 2737/21768 + -2/2721. Let l(b) be the third derivative of 0*b - 1/120*b**6 - 10*b**2 + 0*b**5 - 1/6*b**3 + 0 + x*b**4. Calculate l(2).
-3
Let r(v) = v**3 - 18*v**2 - 22*v + 71. Let l(w) = -2*w**3 - 62*w**2 - 68*w - 221. Let t be l(-30). Calculate r(t).
14
Let x(a) = a**3 + 7*a**2 - 11*a - 6. Suppose -h + 47 = -5*b, 11*h = -3*b + 15*h - 52. Calculate x(b).
18
Let g(q) be the second derivative of -q**3/2 - 5*q**2/2 - 10*q - 100. What is g(-2)?
1
Let m(z) = -659*z + 3313. Let h be m(5). Let s(w) = w - 22. Determine s(h).
-4
Let r(z) = 5*z - 15. Suppose 0 = -35*v + 97*v - 558. Calculate r(v).
30
Let x(i) = -i**3 - 27*i**2 + 58*i - 13. Let q be x(-29). Let z(j) = 2*j**3 + 25*j**2 - 12*j + 18. Let b be z(q). Let y(v) = v**3 - 5*v**2 + 2*v - 4. Give y(b).
6
Let z(v) = -2*v + 3. Let j = -18 + 75. Let k = j - 55. Suppose 2*t + k = -4. Calculate z(t).
9
Suppose -3 = 5*g + 2. Let y = 4 - g. Let d be -1 + y + 3 + -2. Let v(f) = -f**2 + 6*f - 1. Calculate v(d).
4
Suppose 5*z - 5 = -20. Let k be (-8)/(-18) - (-5075)/225. Let b(f) = k + f - 20 - 2 + 2*f**2. Determine b(z).
16
Suppose 548 = 5*v + 473, -5*v = 4*o - 103. Let j(l) = 7*l + 16. Let r(c) = 3*c + 8. Let k(x) = 4*j(x) - 9*r(x). What is k(o)?
-1
Let x(g) = g**3 + g**2 - 4*g + 9. Let f be x(-3). Let z(w) = 24*w - w**3 - 49*w + 23*w + f - 5*w**2. Determine z(-4).
-5
Let d(g) = -g**2 - 18*g - 43. Let b be ((-3)/(-2))/((-9)/15)*12/10. Give d(b).
2
Let z = 144 - 142. Let o(l) = 6*l**z + 146*l**3 - 69*l**3 - 2 - 9*l - 76*l**3. Determine o(-7).
12
Let f be (572/(-52))/(0 + -1). Let n(k) = -2*k + 17. Give n(f).
-5
Let r(o) = -o**2 - 2. Let q = 22 - 17. Suppose -g + 0*m - m + q = 0, 11 = 3*g - m. Let k = g + -4. Give r(k).
-2
Let z(o) = 8 - 9*o + 3*o**3 - 2 - 5 - 9 - 32*o**2. Let n be z(11). Let x(y) = -25*y - 6 - n*y + 37*y. Determine x(-5).
4
Let z(m) = 23*m - 180. Let v be z(8). Let w be (352/80)/(v/10). Let d(p) = -p**2 + 9*p + 4. Give d(w).
-18
Let g(y) = -195*y + 28 - 198*y + 394*y. Let d be ((-56)/(-8))/(-21)*0. Calculate g(d).
28
Let w(d) = d**2 + 65*d - 1011. Let z be w(13). Let f(y) be the third derivative of -1/8*y**4 + 0*y + 1/60*y**5 + 1/6*y**z + 0 + 4*y**2. Calculate f(2).
-1
Let p = 425 - 395. Suppose 22*s + 80 = p*s. Let k(l) = -2*l + 12. Give k(s).
-8
Let t(n) = 228*n - 1591. Let v be t(7). Let u(s) = s**2 + 8*s - 62. Determine u(v).
3
Suppose 19 = -k + 2*q, 3*k - 4*k - 4*q = 37. Let a = -19 - k. Suppose b + 3 - a = 0. Let n(w) = w**3 - w**2 - w - 3. Determine n(b).
12
Let q(w) = -3*w + 30. Let d be q(0). Let s(k) = d - 19 - 3*k - 10 + 13*k. Calculate s(1).
11
Let v(g) be the first derivative of -7*g**2/2 + 7*g - 21. What is v(-4)?
35
Let b(w) be the first derivative of w**3/3 - w**2/2 + 34*w - 1558. What is b(0)?
34
Let w(f) = f**2 + 5. Let b = -69 + 62. Let o(g) = 4*g. Let x(a) = 8*a. Let u(j) = b*o(j) + 4*x(j). Let c be u(0). Calculate w(c).
5
Let j(h) = -11*h**2 + 13*h - 42. Let d(m) = -7*m**2 + 8*m - 26. Let v(p) = -8*d(p) + 5*j(p). Give v(-5).
18
Let o(n) be the third derivative of -n**4/12 - n**3/6 - n**2. Suppose -8 = 12*h + 4. Let z be (19 + -18)/(h/(-5)). Calculate o(z).
-11
Let k(m) = -2 + 5 + 0*m**2 + m**2 - 2*m**2 + 6*m. Suppose 8*z + 48 = 4*t + 6*z, -2*z = 5*t - 78. Let u be (t/10)/((-34)/(-170)). What is k(u)?
-4
Let v be (-244)/12 + 2/(-3). Let z = v - -29. Let l(u) = u - 2 - 6 + z. Give l(6).
6
Suppose -5*a + 2*d = 20 + 75, -11 = a - 2*d. Let w = a - -23. Let x(q) = -9*q**w - 4*q**2 + 18*q**2 + 7*q - q**3 - 5 + 3. Calculate x(6).
4
Let v(a) = -a. Let r(t) = -3*t + 1. Let i(c) = 4*r(c) - 11*v(c). Let o(k) be the second derivative of -5*k**3/3 + 63*k**2/2 + 50*k. Let u be o(6). What is i(u)?
1
Let a(i) be the first derivative of i**4/24 - 5*i**3/6 + 169*i**2/2 - 15. Let p(o) be the second derivative of a(o). Determine p(7).
2
Suppose 3*t - 2*x + 1891 + 479 = 0, 2*t + 1585 = 3*x. Let m = t - -782. Let q(w) = w**3 + 7*w**2 + 7*w - 2. Give q(m).
-8
Suppose 2*f + 43 = 3. Let q be (-8)/3*30/f. Let n(k) = k**2 - 6*k + 2. What is n(q)?
-6
Let p(l) be the first derivative of l**6/120 + l**5/15 - 7*l**4/24 + l**3/3 + l**2/2 + 5*l - 165. Let y(u) be the second derivative of p(u). What is y(-6)?
-28
Let g(w) = 3*w - 3*w + 6*w**2. Let x(b) = b**3 - 6*b**2 + 3*b + 11. Suppose 0 = 5*j - 12 - 13. Let c be x(j). Determine g(c).
6
Let v(x) = x**2 + 8*x + 6. Suppose 13*b = 17*b + 4. Let d(j) = -24*j + 5. Let w be d(b). Suppose -11 = 5*u + w. Determine v(u).
6
Let x(m) be the first derivative of -m**4/12 + m**3/2 - 3*m**2/2 + 2*m - 10. Let v(o) be the first derivative of x(o). Determine v(-3).
-21
Let t = 398 - 339. Suppose -67*x + t*x - 8 = 0. Let v(r) = 2*r - 9*r**2 + 0 + 1 - 9*r**2. Calculate v(x).
-19
Let f(z) = z**2 - 4 + z**2 - z**2 + 14*z - 4. Suppose 31 = -2*m + 62*x - 63*x, 2*m - 4*x = 4. What is f(m)?
-32
Let n(a) = -a**2 - 10*a + 7. Let c = -6636 - -6626. Calculate n(c).
7
Let t(r) be the third derivative of r**7/630 + r**5/120 - 49*r**4/24 + 58*r**2. Let a(c) be the second derivative of t(c). Calculate a(1).
5
Let m(k) be the first derivative of -k**3/3 + 5*k**2/2 - 11*k + 3338. Determine m(9).
-47
Let d be -35*(8/5 - 2). Suppose -8*w = -d*w + 12. Suppose 0 = 4*f - 4*k - 32, 12 = f + f + w*k. Let y(p) = p**2 - 10*p + 3. Determine y(f).
-18
Suppose 0 = -2*q - 9 + 33. Suppose -2*k + 5*k = y + 12, 4*y = q. Let f(h) = 13*h - 6*h**2 - 4 + 3*h**2 + 2*h**2 - 7*h. Give f(k).
1
Suppose 3*w + 21 = c, -122*c - 3 = 3*w - 117*c. Let p(z) = 6*z - 33 + 33 - 3*z. Determine p(w).
-18
Let g(k) = -3*k**3 - k**2 + 3*k + 1. Let y(s) = -14*s**3 - 22*s**2 + 33*s - 21. Let i(u) = -5*g(u) + y(u). What is i(16)?
6
Suppose 6*y + 2*y = -3*y. Suppose y = 718*p - 725*p - 7. Let v(a) = 8*a - 3. Give v(p).
-11
Let m be 2/((-4)/1 + 2). Let x(h) be the third derivative of 2*h**2 - 7/120*h**6 + 1/24*h**4 - 2*h + 0 + 1/6*h**3 + 0*h**5. Give x(m).
7
Suppose -44 = 7*z + 3*z + z. Let l(q) = -q**2 + 8*q - 4. Let g be l(7). Let b(i) = -g*i**2 - 1 + 4 + 1 + 2*i**2. Give b(z).
-12
Let d(o) be the first derivative of 7 - o - 1/2*o**2. What is d(-2)?
1
Let m(u) = u**3 + 10*u**2 - u - 9. Let r be 9 - (1/3)/((-2)/(-36)). Suppose -k - w = 17 - 11, -3*w + 42 = -r*k. Give m(k).
1
Let t(c) = -113 - 105 - c**2 - 36*c + 418 - 155. Calculate t(-37).
8
Let b(y) = 4 - 209*y**3 + 50*y**3 - 2*y**2 + 54*y**3 + 54*y**3 + y + 45*y**3. Calculate b(-1).
7
Let c be 6/(-24) + (-13)/(-4). Suppose -c*v + 8 + 1 = 0. Let q(o) = -14*o + 1. Let a(w) = -5*w. Let i(d) = 8*a(d) - 3*q(d). What is i(v)?
3
Let b(r) = r**2 + 154*r + 4167.